 0, -2*h - 19 = i*c. What is the units digit of h?
3
Let g(r) be the second derivative of -r**4/24 + r**3/3 - r**2/2 - 4*r. Let x(p) be the first derivative of g(p). What is the units digit of x(0)?
2
Let g be 5 + -4 + 24/2. Let y = g + -49. What is the units digit of (-8)/y + (-14)/(-18)?
1
Let k(h) = -2*h**2 - h + 2. Let g be k(-2). What is the tens digit of g/(-12) + (-76)/(-6)?
1
Suppose -4*z - 20 = -l + 6*l, -3*l + z + 5 = 0. Suppose 6*y - y - 70 = l. What is the tens digit of y?
1
Let s(h) = -h**2 + 13*h + 3. Let n be s(13). Let z(v) = 6*v + 8. What is the tens digit of z(n)?
2
Let v = 47 - -8. What is the tens digit of v?
5
Suppose -55 - 881 = -3*h. What is the hundreds digit of h?
3
Let b = 130 - 18. What is the tens digit of b?
1
Suppose -p - 24 = -3*p. Let a = -8 + p. What is the units digit of a + 1 + 0/3?
5
Let f(p) = p**2 - 2*p + 3. Let w(k) = -2*k**2 + 5*k - 5. Let n(m) = 9*f(m) + 4*w(m). What is the tens digit of n(-6)?
3
Let o = -23 + 50. What is the tens digit of o?
2
Let d(r) = -r**2. Let j be d(-2). What is the units digit of ((-45)/10)/(3/j)?
6
Let j(g) = -g**2 + 16*g + 16. What is the units digit of j(9)?
9
Let u(b) = -2*b**2 + 17. Let g(t) = -t**2 + 8. Let l(o) = -5*g(o) + 2*u(o). Let c be l(0). Let x(s) = s**2 + 4*s - 3. What is the units digit of x(c)?
9
What is the tens digit of (-558)/(-8) - (-6)/(-8)?
6
Suppose -4 = 2*j - 24. What is the units digit of j?
0
What is the units digit of 5/1 - 3 - -64?
6
What is the tens digit of (-22)/(-33)*(-37)/(-2)*6?
7
Suppose 0 = -0*n + 2*n - 40. Let a = n - 4. Suppose 4*o + m = 9, -5*m + 5 + a = -4*o. What is the units digit of o?
1
Suppose -35 = -7*s + 2*s + 5*p, -4*s + p + 13 = 0. Suppose -s*r = -5*r + 30. What is the units digit of r?
0
What is the tens digit of (0 - 1 - -36) + -2?
3
Suppose 4*k = -k - 40. Let m(f) = f**3 + 8*f**2 - 2*f - 11. What is the units digit of m(k)?
5
Let v(a) = 5*a - 11. What is the units digit of v(10)?
9
Suppose 4*u + 5*k - 993 = -305, -3*k = -12. What is the hundreds digit of u?
1
Let j = -6 + 13. Let m(y) = -y**2 + 5*y + 6. Let u be m(j). Let o = -3 - u. What is the units digit of o?
5
Let q = 17 + -24. Let c = -1 - q. Let p = 2 + c. What is the units digit of p?
8
Let k be 2*-2 - (2 + -3). Let p(f) = -f - 4. Let t be p(k). What is the units digit of t + 0 + 0 + 3?
2
Suppose -3*l - 65 + 224 = 0. Suppose 4*n = a - 26, 3*a - 2*n = l + 25. What is the units digit of a?
6
Let v be -1 - -3 - (4 - 5). Suppose -b - v + 0 = 0. What is the units digit of b/(-1)*(-4)/(-12)?
1
Let u = 0 + 1. What is the units digit of 4*1*u/2?
2
Let s(h) = -h**2 + 7*h + 1. Let y be s(6). Suppose -3*c = -5*c. Suppose c*q = -q + y. What is the units digit of q?
7
Let l = -260 + 482. What is the units digit of l?
2
Let v(x) be the first derivative of -x**4/12 - 2*x**3/3 + 3*x**2/2 - 2*x - 2. Let s(i) be the first derivative of v(i). What is the units digit of s(-4)?
3
What is the tens digit of (57/(-38))/((-3)/524)?
6
Let j = -59 - -105. What is the units digit of j?
6
What is the tens digit of -1 + (-25)/(-10)*94?
3
Suppose -i + 39 = -3*a - 0*a, 73 = 2*i - a. What is the tens digit of i?
3
Let v be 1 + 2/((-2)/3). What is the tens digit of v/(-6) - 41/(-3)?
1
Suppose 15 = -37*n + 38*n. What is the units digit of n?
5
Suppose -5*b = 2*l + 6, -2*l - 8 + 2 = b. Suppose b = r + 8 - 30. Suppose 3*m - d = 28, 3*m - r = -d + 5*d. What is the units digit of m?
0
Suppose -2*n - 1 = -3*n, -17 = 3*j - 2*n. What is the units digit of j/((2 - 0) + -3)?
5
Suppose 2*z - 4*o = 220, z - 4*o - 89 - 25 = 0. What is the tens digit of z?
0
Let k(z) = 2*z**2 - 4*z - 3. Let x = 11 - 6. What is the tens digit of k(x)?
2
Let s(p) = -2*p**3 - 13*p**2 - 7*p - 6. Let u(k) = k**3 + 6*k**2 + 4*k + 3. Let o(c) = 3*s(c) + 5*u(c). What is the units digit of o(-9)?
6
Let a(f) = 23*f + 1. Let z be a(2). Let q = -13 + z. Let i = -21 + q. What is the units digit of i?
3
Let b be (12/(-9))/((-1)/12). Let k = 0 + b. What is the units digit of k?
6
Let b(a) = 2*a + 22. What is the units digit of b(-9)?
4
Suppose -23 = -4*y + t, 4*y - 6*t = -3*t + 29. Let v = 20 + y. What is the units digit of v?
5
Suppose 4*t - 6 = 2*t. What is the units digit of 7 - 4/(-1 - t)?
8
Let h(y) = 32*y**3 - 3*y**2 - 3. Let p(k) = 31*k**3 - 4*k**2 - k - 4. Let a(q) = 3*h(q) - 2*p(q). Let x be a(1). What is the units digit of 3/(-12) + x/8?
4
Suppose -5*n - 237 = -8*n. What is the tens digit of n?
7
Let j be -3 + -1 + -15 + 13. Suppose -4*t + 2*t + 4 = 0. What is the tens digit of (t - -11) + j/3?
1
Let u(b) = b**3 - 6*b**2 + 6*b + 3. Let f be u(5). What is the units digit of 4/6*48/f?
4
Let f = 473 + -177. What is the tens digit of f?
9
Let z = -2 - -12. What is the tens digit of z?
1
Suppose -3*t - 2*p + 62 = 0, -2*t - 2*p - 38 = -4*t. What is the tens digit of t?
2
Let x(m) = m**3 + 3*m**2 - 4*m + 4. Let q be x(-4). Suppose q*f - 2*l = l + 8, -f = -3*l + 7. What is the units digit of f?
5
Let b(t) = -t - 10. Let x be b(-10). Suppose -j + x*j + 12 = 0. What is the units digit of j?
2
Let p(m) = m + 3*m**3 + 0*m**2 - m**2 - 4*m**3. Let i be p(-2). What is the units digit of 4 + 2/(i + -4)?
3
Let y(x) = -4*x - 5. Let k be y(-8). Suppose l - 6 - k = 0. What is the tens digit of l?
3
Let r(s) = 5*s**3 + s**2 - 12*s - 6. Let c(t) = -2*t**2 + 4*t**2 + 2*t**2 + 14*t**3 - 35*t - 18. Let x(y) = 6*c(y) - 17*r(y). What is the units digit of x(5)?
4
Suppose 35 = 5*j + 15. Suppose -24 = -j*y + 72. What is the units digit of y?
4
Let h(t) = 115*t - 4. What is the tens digit of h(1)?
1
Let r be 4/(-6) + 14/3. Suppose -v + 62 = 2*s + 4*v, r*s + 4*v = 124. What is the units digit of s?
1
Suppose -4*p + 21 = -119. Suppose 90 - p = 5*t. What is the units digit of t?
1
Suppose -3*r + 14 = 2*l - r, -r + 31 = 4*l. Let u = l - 6. Suppose 2*p - u*g = -2*p + 26, 4*g = 5*p - 28. What is the units digit of p?
8
Suppose -r + 2*g + 35 = 0, 5*r = g + 207 - 50. What is the tens digit of r?
3
What is the hundreds digit of (-4 - -4 - -3)*554/6?
2
Let u(r) = -r**3 + 5*r**2 - 4*r + 4. Let t be u(4). Let d = t + 0. Suppose -4*g + 1 = -x - g, 5*x - 50 = d*g. What is the units digit of x?
4
Suppose -4*p + 2*w = -266, 4*p - 2*w = -5*w + 271. What is the units digit of p?
7
Suppose -k = 4 - 1. Let l be 62 - 3/k*1. Suppose n + l = 4*n. What is the tens digit of n?
2
Let z(m) = -5*m**3 + 10*m**2 + 12*m - 4. Let u(a) = a**3 - a**2 - a + 1. Let b(c) = -6*u(c) - z(c). What is the tens digit of b(-4)?
2
Let g(n) = -2 + 1 + 0 - n. Let p be g(-6). Let j = p - 0. What is the units digit of j?
5
Suppose 3*c + 759 = 5*u, -3*u + 610 = u - c. What is the tens digit of u?
5
Suppose 95 = -2*u + 285. What is the tens digit of u?
9
Let f be (-1 - -4)/((-2)/(-8)). Suppose -f = -4*i + i. Suppose 0 = -i*y - 12, y - 3 = u + 5*y. What is the units digit of u?
9
Let a(u) = -u**3 - 10*u**2 - 2*u - 7. Let i be 3*3/((-18)/20). What is the units digit of a(i)?
3
Suppose 4*a = 8*a + 4. Let p = -6 - -13. Let u = p + a. What is the units digit of u?
6
Let c(r) = r**2. Let a(h) = h**3 + 10*h**2 + 2*h - 5. Let k(d) = a(d) - 4*c(d). What is the units digit of k(-5)?
0
Let p be 0 + (-9)/3 + 8. Let r(t) = t**2 + t - 1. What is the units digit of r(p)?
9
Let q(h) = 3*h**3 - 5*h**2 + 4*h + 5. What is the units digit of q(4)?
3
Let y = 3 - -22. What is the units digit of y?
5
Suppose 3*u + 5*p = u - 3, -4*p - 4 = 0. Suppose 5*y + 5*g - 45 = 0, 3*g + u = -y - 0. What is the units digit of y?
4
Let q = -5 + 0. Let x = 5 - q. Let t(g) = -g**3 + 11*g**2 - 11*g + 11. What is the units digit of t(x)?
1
Suppose -z = -3*z + 114. What is the tens digit of z?
5
Let p = -7 - -46. What is the units digit of p?
9
Let y(x) = 39*x**2. What is the tens digit of y(-1)?
3
Suppose 48 = -u - u. What is the units digit of u/14*28/(-8)?
6
Let q = -4 + 5. Let t = -2 + q. Let k = 7 + t. What is the units digit of k?
6
Suppose 0 = r + 2*q - q - 247, 3*r - 2*q - 741 = 0. What is the hundreds digit of r?
2
Let n(c) = -3*c**3 + 6*c + 4. What is the tens digit of n(-3)?
6
What is the hundreds digit of ((-10)/(-15))/(-4 - (-2390)/597)?
1
Let q(i) = -5*i - 10. Let w be q(-4). Suppose -11 = 4*s - l + 6*l, -5*s - w = 5*l. What is the units digit of s?
1
Let k = 54 + -23. Let c = 56 - k. What is the tens digit of c?
2
Suppose 4*l - 6 = l. Let 